7
Convert -623 (base 9) to base 7.
-1323
What is 20210111 (base 3) in base 14?
1b3c
Convert -2657 (base 10) to base 5.
-41112
What is 3b0 (base 13) in base 4?
22022
-111021112 (base 3) to base 4
-2113100
Convert -110100 (base 3) to base 7.
-654
-1650 (base 14) to base 4
-332112
What is -8f5 (base 16) in base 3?
-10010221
Convert 1eb3 (base 16) to base 10.
7859
What is 180a8 (base 11) in base 5?
1303112
Convert 3022031 (base 4) to base 15.
3c7b
111 (base 4) to base 8
25
-1140 (base 15) to base 3
-12000120
What is -71 (base 14) in base 7?
-201
Convert -12055 (base 7) to base 6.
-22251
-1101000011111000 (base 2) to base 6
-1051400
Convert -52892 (base 10) to base 16.
-ce9c
-30367 (base 11) to base 9
-66757
What is 816 (base 11) in base 8?
1731
What is 414 (base 5) in base 14?
7b
Convert -9c (base 13) to base 11.
-108
11110101001000 (base 2) to base 8
36510
Convert -1223 (base 6) to base 14.
-179
What is 179 (base 11) in base 2?
11001111
2044401 (base 5) to base 9
52107
What is -63b3 (base 16) in base 10?
-25523
What is 405 (base 9) in base 5?
2304
-1280 (base 9) to base 5
-12323
What is 202324 (base 7) in base 10?
34465
Convert 11327 (base 9) to base 4.
1312012
44858 (base 9) to base 3
1111221222
What is 351 (base 16) in base 4?
31101
Convert -598c (base 15) to base 9.
-28086
-124443 (base 6) to base 14
-4227
What is -1101101011 (base 2) in base 16?
-36b
20201012 (base 3) to base 8
11434
a5aa (base 15) to base 3
1210001121
What is -4145 (base 6) in base 14?
-4a5
Convert 14311 (base 7) to base 12.
2334
What is -21312331 (base 4) in base 14?
-10a05
What is -231300 (base 4) in base 13?
-1443
10220 (base 4) to base 16
128
Convert 10010111110110 (base 2) to base 10.
9718
What is -100011010011 (base 2) in base 15?
-a09
7316 (base 8) to base 5
110130
-111100 (base 3) to base 4
-11220
Convert -568 (base 11) to base 3.
-221011
-1055 (base 11) to base 16
-56f
What is 32c (base 13) in base 5?
4140
101201 (base 5) to base 10
3301
Convert 21331120 (base 4) to base 6.
512504
Convert -986a (base 11) to base 7.
-52653
Convert -311 (base 10) to base 14.
-183
1e5 (base 15) to base 13
27b
What is b84 (base 15) in base 5?
40344
Convert -1c7 (base 16) to base 2.
-111000111
What is 6aa0 (base 11) in base 3?
110202200
Convert 6553 (base 7) to base 5.
33331
Convert -443 (base 10) to base 7.
-1202
Convert -151 (base 13) to base 8.
-353
-300213 (base 4) to base 2
-110000100111
12211010 (base 3) to base 9
5733
Convert -347b (base 12) to base 14.
-21c3
What is 2093 (base 11) in base 15?
c44
What is 1100100010010 (base 2) in base 12?
386a
Convert -311 (base 14) to base 2.
-1001011011
Convert 11100011100 (base 2) to base 16.
71c
-c75 (base 16) to base 9
-4333
What is -132123 (base 5) in base 8?
-12250
-10100 (base 4) to base 16
-110
Convert -1000010011 (base 2) to base 4.
-20103
What is 53001 (base 8) in base 15?
67cc
Convert -200221 (base 3) to base 15.
-241
Convert 30330 (base 5) to base 14.
a05
-29887 (base 11) to base 16
-a554
-10798 (base 10) to base 16
-2a2e
What is -3ba1 (base 16) in base 12?
-8a01
-19d6 (base 16) to base 10
-6614
59dd (base 15) to base 9
28181
What is -2144 (base 6) in base 15?
-231
Convert 564c (base 13) to base 16.
2f1f
What is 20476 (base 9) in base 8?
32313
-1231122 (base 4) to base 7
-26262
What is -2042 (base 9) in base 5?
-21441
30212 (base 4) to base 8
1446
-4b5 (base 15) to base 14
-566
Convert 1012010 (base 3) to base 2.
1101100011
What is 20112012 (base 3) in base 8?
11225
Convert -25753 (base 9) to base 14.
-6498
Convert 2377 (base 15) to base 6.
54521
Convert 6672 (base 12) to base 5.
330233
14990 (base 11) to base 8
51241
739 (base 11) to base 8
1571
-68433 (base 9) to base 16
-b1f0
What is -312202 (base 4) in base 11?
-2693
What is c59c (base 16) in base 5?
3104323
Convert -1376 (base 8) to base 6.
-3314
-202 (base 9) to base 2
-10100100
Convert 22010 (base 5) to base 4.
113201
-1000111010000 (base 2) to base 9
-6226
What is -110011010110 (base 2) in base 5?
-101121
238d (base 14) to base 8
14071
Convert 4754 (base 13) to base 9.
14685
-31035 (base 8) to base 15
-3c04
What is -706 (base 11) in base 16?
-355
What is 45304 (base 7) in base 3?
120201211
Convert -1175 (base 15) to base 2.
-111001111110
What is -2460 (base 8) in base 14?
-6ac
2ac9 (base 13) to base 12
3749
What is -1b62 (base 16) in base 11?
-52a3
What is 59c (base 13) in base 10?
974
-14410 (base 8) to base 16
-1908
-114030 (base 9) to base 8
-205711
What is -110010101 (base 2) in base 14?
-20d
Convert 22047 (base 11) to base 2.
111110011111011
Convert 349 (base 11) to base 5.
3131
Convert 102142 (base 5) to base 7.
12656
-120131 (base 5) to base 3
-20001120
Convert -5730 (base 15) to base 12.
-a853
What is -19252 (base 11) in base 6?
-324343
What is -6053 (base 15) in base 3?
-1000212220
-103000 (base 6) to base 13
-3ab0
-230 (base 14) to base 5
-3214
-111000000 (base 2) to base 8
-700
Convert -a1b (base 16) to base 14.
-d2b
What is 203212 (base 7) in base 2?
1000011110111110
What is 1323222 (base 4) in base 16?
1eea
Convert -165 (base 8) to base 9.
-140
What is 2431 (base 5) in base 16?
16e
1051 (base 6) to base 5
1442
-13030321 (base 4) to base 5
-1420442
4543 (base 7) to base 4
121300
Convert -13213 (base 4) to base 9.
-601
Convert -853 (base 13) to base 7.
-4066
What is -1053 (base 8) in base 15?
-270
Convert -41646 (base 8) to base 7.
-101330
Convert -15 (base 9) to base 6.
-22
What is -10323 (base 6) in base 14?
-735
What is -1185a (base 12) in base 15?
-7041
102111022 (base 3) to base 15
2738
398 (base 10) to base 5
3043
330100 (base 6) to base 10
27252
Convert 11049 (base 12) to base 8.
53771
What is -172 (base 12) in base 7?
-446
-427 (base 12) to base 3
-211111
What is -3021 (base 5) in base 9?
-468
-1255 (base 9) to base 4
-32231
What is -584 (base 9) in base 15?
-221
11649 (base 12) to base 3
1012002010
20201103 (base 4) to base 6
425323
8873 (base 9) to base 10
6546
-102137 (base 9) to base 8
-166316
1303 (base 8) to base 11
593
What is f33 (base 16) in base 2?
111100110011
c70b (base 13) to base 15
8273
What is 312331 (base 4) in base 5?
103032
-255 (base 12) to base 13
-212
Convert -1367 (base 9) to base 16.
-409
Convert c0a (base 13) to base 10.
2038
Convert -38079 (base 12) to base 6.
-1344233
What is -12400 (base 11) in base 13?
-8133
2265 (base 7) to base 10
831
Convert 40b (base 16) to base 15.
490
What is 40c (base 13) in base 10?
688
Convert -9098 (base 11) to base 15.
-38ab
What is -2852 (base 12) in base 8?
-11076
Convert -887b (base 13) to base 2.
-100101001010110
What is -17b75 (base 12) in base 10?
-34505
-760 (base 14) to base 3
-1222221
5d6 (base 14) to base 11
972
What is 5564 (base 8) in base 2?
101101110100
19b (base 15) to base 10
371
-96e (base 15) to base 2
-100001010001
11261 (base 10) to base 7
44555
-6887 (base 14) to base 11
-12701
What is -13020 (base 12) in base 11?
-18546
What is -23003123 (base 4) in base 9?
-68085
Convert 1102201 (base 3) to base 2.
10000010101
What is -500401 (base 6) in base 5?
-2222100
What is -23295 (base 12) in base 16?
-b7d1
Convert -111112110 (base 3) to base 10.
-9867
-1009 (base 14) to base 5
-42003
What is 177 (base 15) in base 9?
414
Convert -112 (base 16) to base 12.
-1aa
What is 2020202 (base 4) in base 8?
21042
Convert 2121 (base 5) to base 14.
166
Convert -274 (base 11) to base 9.
-388
cab (base 13) to base 7
6216
Convert -b1 (base 16) to base 2.
-10110001
1152520 (base 6) to base 12
2b740
Convert -3342 (base 8) to base 16.
-6e2
What is -2846 (base 12) in base 14?
-19b0
What is -1001011000101000 (base 2) in base 5?
-2212230
What is 6a4 (base 14) in base 12?
920
-1577 (base 16) to base 10
-5495
-316 (base 8) to base 13
-12b
1210 (base 8) to base 7
1614
Convert 11001011100 (base 2) to base 5.
23003
What is 28d8 (base 14) in base 5?
212441
What is -70b2 (base 13) in base 3?
-210021222
Convert 1443 (base 8) to base 12.
56b
What is -1400023 (base 5) in base 10?
-28138
-781 (base 15) to base 12
-b94
-3182 (base 10) to base 16
-c6e
What is -439 (base 11) in base 6?
-2234
510 (base 12) to base 4
23130
-489 (base 11) to base 2
-1001000101
Convert 4207 (base 9) to base 8.
6015
What is 2871 (base 16) in base 5?
312403
-8c31 (base 14) to base 2
-101111100011011
What is -100111110111 (base 2) in base 6?
-1